 (-9 - -25)).
-1
-1 + 3 + (-1 - 0) + -123 + 139 + -89
-72
What is -22 + (4 + -4 - -4)?
-18
-24 + 40 + (-7 - -22) + 2
33
What is the value of 11 + -9 + (-50 - 4) + 15 - 4?
-41
Evaluate 4 - (22 + -12 + -23) - 19.
-2
87 + -112 + 68 + -56
-13
-13 - -7 - (-32 - (-44 + 6))
-12
Calculate -42 - (-22 - (4 + 1) - -10).
-25
What is (24 - (101 + -166)) + -5?
84
Evaluate 2 + -4 - (0 - 44) - 15.
27
What is -6 + (-150 - -140 - (-18 - (3 + -4))) - 58?
-57
What is (17 - (-100 + 107 + (-2 - 1) + 8)) + 34?
39
What is -4 - 0 - (-1 - 108 - (264 - 250)) - 10?
109
What is the value of -21 - -1 - (-155 + (121 - 50))?
64
Evaluate -30 - (43 - 71) - (-1 + -50).
49
What is the value of 26 + -15 - (-18 - (16 - -20))?
65
What is the value of (-6 + 33 - 15) + (6 - 7) + 13?
24
What is the value of -6 - (37 - (58 - 20 - -57))?
52
Evaluate (46 - (84 + -6)) + (-4 - -79).
43
Evaluate -4 - (31 + 6 + 2) - (-36 + 25).
-32
What is the value of 11 + -64 + 15 + -10?
-48
What is -31 - (27 - 1 - (238 + -236))?
-55
Evaluate (-8 - 2 - -7 - -2) + (2 - (-48 - 7)).
56
60 + -92 + (3 - 0) + -31
-60
What is (116 + -107 - (63 - -4)) + 26?
-32
Calculate (-33 - (0 - -2)) + (-17 - (-9 - 6)).
-37
What is -2 - -8 - (34 + -1 - (310 - 332))?
-49
Calculate (-109 - 2) + (2032 - 1995).
-74
Evaluate (8 - (16 - (-3 + 7)) - -10) + (-13 - -17).
10
(-82 - -50) + 14 + -19
-37
Calculate -16 + (98 + -2 - (-4 - -16)).
68
(-21 - -11 - -11) + 15 + -14 - (3 - 50)
49
-21 - 9 - (-30 - -20) - 12
-32
What is 56 + 5 - (-79 + 108)?
32
Calculate -17 + -4 + -11 + (21 - 24).
-35
What is (-2 - -3 - (0 - (-1 - 0))) + (15 - -81)?
96
What is -1 + (-429 - -433) + 1 + 16 + -102?
-82
(42 + -5 - 39) + -6 + (-2 - -2) - -49
41
What is -16 + 0 - (20 + -20 + -5)?
-11
Evaluate (-17 - -63) + 40 + -78.
8
Calculate 0 - ((-3 - -4) + -13 + -20 + 12 + 140).
-120
25 + (0 + 1 - (2634 - 2606))
-2
Evaluate -23 - (5 + (58 - 37)).
-49
5 - (21 + -58) - (-3 + 4 - -6)
35
Evaluate (43 - 1) + (-802 - -807) + (-2 - -11 - -2).
58
-15 - (1 - 0) - (-10866 - -10847) - -22
25
What is the value of -57 - (-47 + -117) - 66?
41
Evaluate (-65 - -40) + 0 + -8.
-33
-165 - -92 - -57 - (-57 - 1)
42
Calculate -1317 + 1393 + (0 - 3) - ((-2 - -1) + 1).
73
Calculate -2 - ((-3 + -14 - 9) + 5 + -4 + -1).
24
1 + 7 + 0 + (-48 - (-35 + 18))
-23
Calculate 19 - (7 - (11 + -11 - (-3 + 0 + 7))).
8
Evaluate 39 + (62 + -93 - -14).
22
9 + -3 + 4 + -16 + 19 + -153 + 147
7
What is -304 + 269 + (-7 - -66)?
24
What is the value of (-32 - (-48 + 32 + -29)) + (-1 - 5)?
7
Evaluate 14 - (25 - 3) - (-75 + 164).
-97
What is 2 - -12 - -2 - 6 - -24?
34
Evaluate -11 + (16 - 2 - (61 - 60)) + (13 - -3).
18
Evaluate (-176 - (-10 + -241)) + 2 + (-7 + -1 - -1).
70
Calculate 564 + -676 - (-51 + 0).
-61
Calculate 29 + (10 + -16 - 13 - 55).
-45
-89 + -9 + (1 - 14) + -44 + (37 - -19)
-99
What is the value of -47 - (47 - 84) - -42?
32
Evaluate -4 + 6 - (-30 + 93 - 39).
-22
-3 + 11 - (-539 + 617)
-70
Calculate -23 + -2 - (-1183 + 1158).
0
What is the value of (1 - (-2 + -1 + -59)) + -117 + 99 + 10?
55
What is -34 - -20 - -9 - (0 + -5 - -11) - 62?
-73
-4 + -33 + 3 - ((-53 - -65) + 5 + -19)
-32
What is the value of -23 + (70 - 154) + 33?
-74
What is -19 + 34 + -16 + 41 + -9?
31
Calculate (-53 - (-108 + 62)) + (4 - 3 - (1 + -62)).
55
What is the value of -11 + -51 - -102 - (-4 + -1 + (-2 - -1))?
46
Evaluate 161 + -153 + (-24 - -2) + -25.
-39
What is the value of (-15 - 64) + (47 - 85)?
-117
-228 + 352 + -134 + (31 + -2 - -2)
21
Calculate (8 - 5 - 14) + 55 + -100.
-56
Calculate (2 - -27) + (17 - (5 + 4)) + -17.
20
Calculate (-2 - -16) + 18 + 28 + -14 + -25.
21
(23 - (-32 + 28) - 20) + 83 + 2
92
Calculate 89 - (44 + 18 + -52).
79
-42 - (-17 + 1 - 29)
3
Evaluate 1 - ((59 - (1 - -1)) + -35 + (-46 - -73)).
-48
Calculate -61 + (49 - (60 - 41)).
-31
Calculate -8 + -15 + 2 + (-13 - 10).
-44
Calculate 45 - (((-3 - -8) + 5 - -2) + 8).
25
What is 78 - (-9 - -10) - ((1 - 22) + 10)?
88
What is 70 + -23 + -33 + -4 + (1 - 0)?
11
What is 0 - (41 + -13 - 39)?
11
Calculate (-1 + -30 - -2) + -4042 + 4161.
90
What is (2 - (2 + -1 - 3 - -11)) + (-98281 - -98312)?
24
What is -88 + 72 - (6 + -10 - 19)?
7
-18 + (18 + -26 + 7 - 1)
-20
What is the value of -11 + 13 + (164 - 71)?
95
What is -297 - -311 - (5 + (-2 - (-13 - -3)))?
1
Evaluate 23 + (-91 - 9) + 100.
23
What is the value of 3 - 22 - ((-74 - -72) + 8 + -12)?
-13
Calculate 36 + (-75 - (-89 - -59)).
-9
(12 - 35) + -28 + 48
-3
Calculate -12 + 41 - -23 - (1 + 20).
31
Evaluate -9 + (-21 - (-4 + -15)) + -25 + 5 + -10.
-41
What is -3281 + 3229 - (23 - 1 - 0)?
-74
Evaluate -4 - -26 - (89 + -106) - 33.
6
18 + -18 - (1 + -51 - 6 - 1)
57
What is the value of (-2 - -6 - 1) + 0 + 25 + 18 + -49?
-3
Evaluate 2 + (-14 - -76) - ((3 - 2) + 6 - 1).
58
What is the value of (20 - (-13 + 23)) + (51 - (-2 - -13))?
50
-9 + 3 + 4312 + -4270
36
-7 + -19 + -39 + 101
36
Evaluate 8 + -44 + -4 + (16 - (-3 - -5)) + -9.
-35
What is 27 - (19 - (-14 + 40 + -21))?
13
-1 - -10 - (59 + -10 + -4)
-36
What is the value of -29 + 33 + -5 + -49?
-50
Calculate -14 + (-18 + 9 - -24 - 27).
-26
What is the value of 152 + (-71 - -8) + -111?
-22
Evaluate 31 + 5 + -21 - (24 - 3).
-6
What is (8 - (30 + -25)) + -24?
-21
What is the value of -10 + -16 - (-27 + -3 - 11)?
15
Calculate -1 + 14 + (-76 - (78 + -146)).
5
378 + -450 + 4 + -7 + -28
-103
(-1 - -12) + -6 + -3 + -2 + -34 + 1
-33
What is the value of -62 - -30 - -83 - 13?
38
What is -32 + (1 + -15 - (-5 + -16 + 18))?
-43
What is the value of 3 + (-63 - (10 + (-14 - (0 + -9)) + -9))?
-56
34 + -23 - (12 + -64 - -4 - -5)
54
Evaluate (5127 - 5229) + 1 + 149.
48
Evaluate -22 + (18 - 5) + -30 - (-4 - -17).
-52
Calculate 82 - (-61 + 63 - -55).
25
Calculate -53 + -2 + (-14 - 4) + 17.
-56
What is the value of -8 + (264 - 269 - (-4 + 72 + 3 + -3))?
-81
What is the value of 27 + (48 - 55) - 64?
-44
Evaluate 46 + -16 - (-5 - -14) - -39.
60
Calculate -2 - -12 - 31 - (10 - 9).
-22
Calculate -8 + 1 + (-6 - (12 + -58 + -13)).
46
Calculate -5 + 0 + 1 - (43 - 34) - 31.
-44
0 - (-60 + -17 + 48 + -19)
48
Calculate 191 + -225 + 2 + -16.
-48
Calculate -13 + 19 + (8 - -2) - (62 + 5).
-51
(119 - 49) + 66 - 39
97
Evaluate -9 - (-8 + 11 - 18 - -70 - -10).
-74
What is the value of (1 - 9) + -5 + 28 + -3 + 24?
36
What is the value of 21 + 9 + (-5 - -17) + -3?
39
What is the value of (3 - -4) + 14 + (9 - 57)?
-27
Evaluate 16 + (-2 + 1 - -29) + (-7858 - -7867).
53
What is the value of -650 + 630 + 15 + 4?
-1
What is the value of 6 - (7 + -3 - 8 - (-6 - 1))?
3
Calculate 18 + (-1 + -24 - (557 - 575)) - 5.
6
62 - ((-12 - -4) + 5) - (23 - 11)
53
What is 95 + (-53 - 0) - (-1 + -14 + 1)?
56
What is the value of -54 - (-14 - 0) - (2 - (1 - 14))?
-55
Evaluate 14 + (46 - (-29 + -11 + -8)).
108
Calculate 68 + (-21 - -6) + 37 + -27.
63
Evaluate 4 + (-9 - 1) + -56 + 60 + -2.
-4
Calculate 2 + -11 - -2 - (28 - (81 + -40)).
6
What is -44 - -58 - (0 + -7 - (-4 - -15))?
32
What is (-1 - -15) + -18 + 2 + 0 + (2 - -5)?
5
Evaluate 18 + -47 - -7 - 0 - -3 - -151.
132
Evaluate (3 - -8) + (-9 - (-8 + -5 + 0)).
15
What is the value of (0 - -15) + (68 - 24) + -4 + 0 + 12?
67
Evaluate (4 - 5) + -7 - (-5 - (-21 - (-19 + 16))).
-21
Calculate 1 + (-17 - 2 - (-21 + 4 + 7)).
-8
Evaluate (-11 - 0) + -15 + (7 - 5) + 13 - -81.
70
Evaluate (-1 - -18) + (0 - 33) + 587 + -530.
41
Evaluate 148 - 46 - (58 + 4).
40
What is the value of 38 - (-49 - 14 - -13)?
88
What is -55 - (-35 - -13 - -14)?
-47
89 + -252 + 77 + 45
-41
What is the value of (35 - (17 + -11)) + -24 - 0?
5
What is 0 + 0 + (156 - 110) - (6 + -11 + -9)?
60
What is the value of -5 - (78 - -10 - 4 - 24)?
-65
(-17 - -1 - (2 - -4)) + -2
-24
What is the value of (26 - (69 + -44)) + -17 + (-74 - 1)?
-91
Calculate (61 + -77 - -49) + 75.
108
What is 28 + (-6 - -15 - 9) + -17 + 14?
25
What is the value of (-17 - -2 - -18 - 3) + 61 + 2?
63
Evaluate 1 - 112 - 2 - 0 - (1677 + -1673).
-117
(6 - (-31 - -4)) + -21 + 23 - 6
29
Evaluate 0 - (6 + 2 + -5 + 6 - 1).
-8
Calculate 13 + (7 - 44) + 43.
19
Calculate 15 + (-3 - 0) - (33 - 29 - -29).
-21
Calculate (29 - (2 + -8)) + (-8 + 11 - 5).
33
What is the value of -5 + -12 + (0 - 7 - -11) + -72 + 13?
-72
Evaluate -52 - (-124 + 36) - 45.
-9
What is -44 + 49 + -40 + 67?
32
-5 + -4 + -11 + (12 - -40) + -9
23
What is the value of (17 - -1) + 17 + -1 +